
7
Suppose -20*q - 57*q + 209216 = -21*q. What is the thousands digit of q?
3
Let b = -132 + 136. Suppose 3*d - 17 = -l, 4*l - 41 = -b*d - l. Suppose -d*x - 243 = -p, p - 2*x + 42 = 279. What is the tens digit of p?
3
Suppose 4*i = -4*i + 88. Suppose -340 = -i*j + 7*j. What is the units digit of j?
5
Let l = -40537 - -58184. What is the units digit of l?
7
Suppose -6*z + z = 10. Let c(j) = -29*j - 9. What is the units digit of c(z)?
9
Let h(i) = 11*i + 4. Let t(q) = -56*q - 21. Let u(j) = -j**2 + 17*j + 4. Let p be u(18). Let y(l) = p*h(l) - 3*t(l). What is the tens digit of y(3)?
4
Suppose 2*v = 2*p - 56, p + 113 = 5*p - 3*v. What is the units digit of p?
9
Let w(v) = -v**3 + 3*v**2 + 5*v - 1. Let s be w(4). Let g be 35/(-42)*(-5 + 5 + -18). Suppose -g + 135 = b - s*u, -9 = 3*u. What is the tens digit of b?
1
Let c be (-10)/(-140)*64*(-14)/(-4). Suppose c*d - 1488 = 10*d. What is the hundreds digit of d?
2
What is the tens digit of 8085/(-495)*-219*1*7?
3
Let g(u) = 2*u**2 - 68*u + 134. Let p be g(33). Let x(w) = -2*w**3 - 2*w**2 + 2*w - 2. Let o be x(3). Let t = p - o. What is the hundreds digit of t?
1
Let s(f) be the second derivative of f**5/20 - 4*f**4/3 - 3*f**3 - f**2 - 12*f. Let k be s(17). Let r(u) = -7*u + 33. What is the tens digit of r(k)?
6
Let v(g) = 2*g**2 - g - 12. Let j = -75 + -51. Let d = -132 - j. What is the units digit of v(d)?
6
What is the tens digit of (-6492)/(108/(-32) - -3) + (-74 - -80)?
1
Let t(m) = m**3 + 8*m**2 - 15*m - 7. Let o be t(-12). Let z = -234 - o. What is the hundreds digit of z?
1
Suppose 5*z - 60117 = 3*x, 283*z - 3*x + 12027 = 284*z. What is the units digit of z?
4
Suppose -10*s + 8*s - 4 = 0. Let x(l) = 9*l**2 + l + 5. Let o be x(s). Let a = -34 + o. What is the units digit of a?
5
Suppose 120 = -5*x + 130. Suppose 0 = -5*o + 2*o - 3*d + 1116, -5*d - 779 = -x*o. What is the units digit of o?
7
Let n(t) = -5*t - t + 5 + 8 + 0*t**2 - t**2. Let a be n(-6). Suppose -a*s + 216 = -7*s. What is the tens digit of s?
3
Suppose -w - 8 = -2*z + w, 4*z - w - 13 = 0. Let f(g) = 8*g - 14. Let j be f(z). What is the tens digit of (-48)/((2/6)/(j/(-30)))?
4
Let q(p) = -69*p + 15. Let y be q(7). Let v = -329 - y. What is the tens digit of v - -4 - 4/(-4)?
4
Suppose -2*a + i = 2*a - 14, 4*i + 8 = 4*a. Let m be (-3148)/(-9) - a/(-18). Suppose 6*n - 448 = m. What is the units digit of n?
3
Let i be 1/3*(-6)/(-1) + 0. Suppose 0 = 4*n - i*n, -5*n = -3*q + 18. What is the units digit of q?
6
Let y(b) = -b**2 + 0*b**2 + 98 + 6*b + 103 - 9*b. Let t be y(0). What is the tens digit of 1/((12/t)/4)?
6
Suppose -2*i + 1772 = 3*x, 2*i = -2*i - x + 3564. Suppose 5*p = c - i, -c - 182 = 3*p - 1098. What is the tens digit of c?
0
Let d(v) = v**3 - 57*v**2 + 30*v - 8059. What is the thousands digit of d(72)?
1
Let y = 186 - -98. Let l = y + -116. Suppose -g + 371 = g - b, g = 4*b + l. What is the hundreds digit of g?
1
Let p(i) = -i**3 + 9*i**2 - 10*i + 19. Let j be p(8). Let g(o) = -15*o - 4*o**3 + o**j + 2*o**3 + 23 + 24*o**2. What is the tens digit of g(23)?
0
Suppose 5*v = -6 + 31. Suppose 4*s = 12, -35 = -7*u + 2*u + v*s. Suppose -u*k + 15*k = 265. What is the units digit of k?
3
Suppose 7*t + 18 - 158 = 0. Suppose 16*x - t*x - 616 = -f, 3*f - 4*x - 1824 = 0. What is the units digit of f?
4
Let z = 88 - 47. Suppose n - 31 = -2*i - 12, -5*n + z = 4*i. Suppose 12*o - 312 = i*o. What is the tens digit of o?
0
Suppose 21912 - 2847 = 31*y. What is the hundreds digit of y?
6
Let j = 17707 - -26278. What is the units digit of j?
5
Let k be (10/3)/((-2)/3). Let i be (2/(-8))/(k/20). Suppose 0 = -5*w + 3*b + 375, 0 = b + i - 6. What is the units digit of w?
8
Suppose -90*p + 1343817 + 239553 = 0. What is the ten thousands digit of p?
1
Suppose 4*r + 370 = 14*r. Suppose -33*g = -r*g + 556. What is the hundreds digit of g?
1
Suppose 0 = -4*d + 4*b + 69788, -2*d + 6*b + 23192 + 11730 = 0. What is the hundreds digit of d?
4
Let h(m) = 4*m - 5*m**2 + 9*m**2 + 12*m**2 - 28 + 12. Let v be h(-5). Suppose 0 = 4*f - 0*f - v. What is the units digit of f?
1
Let f = -64314 + 114767. What is the thousands digit of f?
0
Let y(w) = w**3 + 21*w**2 + 6*w + 5. Let h be y(-17). Suppose h = 17*m - 14462. What is the tens digit of m?
1
What is the units digit of ((-13588)/129)/((-4)/30)?
0
Suppose 0 = 4*d + 5*o - 1892, -5*d + 2718 = 3*o + 366. Suppose 632 + d = 5*k. What is the hundreds digit of k?
2
Suppose 594*f - 598*f = 5*l - 97088, -f + 24272 = 2*l. What is the hundreds digit of f?
2
Suppose 0 = 6*i - 3*i - 15. Let f(h) = 0*h + h**3 - 1910*h**2 + 1912*h**2 + 1 + h. What is the tens digit of f(i)?
8
Suppose -2*b - 4 - 4 = -4*t, 0 = -t + 5*b - 16. What is the tens digit of 3/2 + 3646/t?
1
Suppose -p = -5*u - 583, 0 = 3*u + 3. Let c = 216 - 44. Suppose -c = -5*h + p. What is the hundreds digit of h?
1
Suppose h + 8*h - 342 = 0. Let l = h + -28. What is the units digit of 15/(-4 - -1)*(-162)/l?
1
Let i = -5866 + 6031. What is the tens digit of i?
6
Let j be 8 - (-8)/((-16)/6). Suppose -2*q = 5*c + 3, -j*c = -2*c - 3*q + 6. Let u(n) = 22*n**2 + 2*n + 1. What is the units digit of u(c)?
1
Let a(k) = 202*k + 1263. What is the units digit of a(6)?
5
Let o = -195 + 384. Suppose 2*i + o = g - 22, g + 2*i - 207 = 0. What is the hundreds digit of g?
2
Let q = -7361 + 22641. What is the hundreds digit of q?
2
Let m(g) = g**2 + 12*g + 12. Let y be m(-8). Let h = 22 + y. Suppose -h*l + 90 = -90. What is the units digit of l?
0
Suppose 3*f - 1284 - 3948 = 0. Suppose -9*h + 6*h = -5*t - f, h - 584 = 3*t. What is the units digit of h?
8
Let o(w) = 3*w**2 - 9 + 0*w**2 + 16*w + 32 - 24*w. Let r be o(12). Suppose -3*m + 185 = 3*j - 91, -r = -4*m + 5*j. What is the units digit of m?
1
Let t(n) = 70*n**2 - 95*n + 1051. What is the units digit of t(11)?
6
What is the units digit of 3598 + 21 + -12 + -2?
5
Suppose 3*z - 1227 = -o, 0 = 2*o - z - 419 - 2042. Suppose 0 = -20*t + 10*t + o. What is the hundreds digit of t?
1
Let m(k) = -10*k**3 - 52*k**2 - 94*k - 1. Let y(j) = 17*j**2 + 31*j + 3*j**3 + 245 - 245. Let z(b) = 2*m(b) + 7*y(b). What is the tens digit of z(-12)?
8
Suppose 22*a = 9*a + 1040. What is the tens digit of ((-6)/(-10) - (-32)/a) + 296?
9
Let p be 5 + (-8)/(40/(-5305)). Suppose a - 5*y = p, 5*a - y - 1692 = 3734. What is the tens digit of a?
8
Suppose 0 = -3*m + 2*m + 5. Let w(c) = c**3 - 2*c**2 - 9*c - 4. Let h(s) = -2*s + 1. Let u(d) = -4*h(d) + w(d). What is the units digit of u(m)?
2
Suppose -4*t = -3*s + 1921, -3*t = 7*s - 5*s - 1292. Suppose o + 9*b - s = 4*b, b = o - 649. What is the hundreds digit of o?
6
Let x(g) = -g**3 + 27*g**2 - 18*g + 37. Let q = -740 + 766. What is the units digit of x(q)?
5
Let a(j) = 11*j**3 - 11*j**2 - 19*j. What is the hundreds digit of a(13)?
0
Let c(r) = 3*r**2 - 27*r - 3608. What is the hundreds digit of c(-53)?
2
Suppose -3*t - 66*t = -98858 - 1180333. What is the units digit of t?
9
Suppose 179*m = 182*m - 270. Let w = 624 - m. What is the hundreds digit of w?
5
Let n = 3634 + 6277. What is the tens digit of n?
1
What is the thousands digit of ((-313014)/(-104))/(3/4)?
4
Suppose 5*h - 1724 + 250 = m, 3 = 3*m. Let u = h - -88. What is the tens digit of u?
8
Let r = 30 + -30. Let v be r/(-5*(-4)/20). Suppose -3*k = -0*y - 2*y + 84, -2*y + 5*k + 80 = v. What is the units digit of y?
5
Let i be -2 - (-3)/((-9)/(-66)). Let k = -29 + i. Let y = k - -104. What is the tens digit of y?
9
Let t = 1004 - 178. Suppose 0*n - n + 264 = 5*s, 3*n - 2*s - t = 0. Suppose -14 = 5*l - n. What is the tens digit of l?
5
Suppose 11*n - 5149 = 169102. What is the tens digit of n?
4
Let l(v) = v**3 - 4*v**2 + 4*v + 6. Let o = 4 + 0. Let b be l(o). Let k = 21 + b. What is the tens digit of k?
4
Let n(l) = 456*l**2 + 134*l + 17. Let q(w) = -114*w**2 - 33*w - 4. Let f(r) = -2*n(r) - 9*q(r). What is the units digit of f(-4)?
0
Suppose 5*i = 3*n + 4, -i + 12 = -3*n + 8*n. Suppose 2*a - i*k = 3*k + 73, 0 = 5*a + k - 115. Suppose a = -5*s + 7*s. What is the tens digit of s?
1
Let q be ((-20)/(-6) - 2)/(1/27). Let o = 42 - q. What is the tens digit of 2/(o/24 - (-15)/(-76))?
3
Let h be 5*(-24)/(-40)*1765/15. Let u = 1368 - h. What is the tens digit of u?
1
Suppose 2*g = -2*r - 76, -r - g - 4*g - 34 = 0. Let q be r*(-4 + 39/9). Let a(u) = 2*u**2 + 